{"id":14,"date":"2016-05-11T14:01:24","date_gmt":"2016-05-11T12:01:24","guid":{"rendered":"http:\/\/www.archadie.cz\/?page_id=14"},"modified":"2025-11-28T10:41:10","modified_gmt":"2025-11-28T09:41:10","slug":"o-nas","status":"publish","type":"page","link":"https:\/\/www.archadie.cz\/?page_id=14","title":{"rendered":"O n\u00e1s"},"content":{"rendered":"<p>[et_pb_section fb_built=&#8220;1&#8243; _builder_version=&#8220;4.16&#8243; global_colors_info=&#8220;{}&#8220;][et_pb_row _builder_version=&#8220;4.16&#8243; background_size=&#8220;initial&#8220; background_position=&#8220;top_left&#8220; background_repeat=&#8220;repeat&#8220; global_colors_info=&#8220;{}&#8220;][et_pb_column type=&#8220;4_4&#8243; _builder_version=&#8220;4.16&#8243; custom_padding=&#8220;|||&#8220; global_colors_info=&#8220;{}&#8220; custom_padding__hover=&#8220;|||&#8220;][et_pb_text _builder_version=&#8220;4.27.4&#8243; background_size=&#8220;initial&#8220; background_position=&#8220;top_left&#8220; background_repeat=&#8220;repeat&#8220; hover_enabled=&#8220;0&#8243; global_colors_info=&#8220;{}&#8220; sticky_enabled=&#8220;0&#8243;]<\/p>\n<p><span style=\"color: #000000;\">V\u00edtejte na str\u00e1nk\u00e1ch na\u0161\u00ed spole\u010dnosti, kde se specializujeme na \u0161irok\u00e9 spektrum stavebn\u00edch \u010dinnost\u00ed. <\/span><\/p>\n<p><span style=\"color: #000000;\">Od precizn\u00edho strojov\u00e9ho \u010di\u0161t\u011bn\u00ed po komplexn\u00ed projek\u010dn\u00ed slu\u017eby, jsme tu, abychom splnili va\u0161e po\u017eadavky. <\/span><\/p>\n<p><span style=\"color: #000000;\">Na\u0161e zku\u0161enosti v oblasti demoli\u010dn\u00edch prac\u00ed zaji\u0161\u0165uj\u00ed bezpe\u010dn\u00e9 a efektivn\u00ed odstran\u011bn\u00ed star\u00fdch struktur. S n\u00e1mi z\u00edsk\u00e1te partnera, kter\u00fd se postar\u00e1 o ka\u017ed\u00fd detail va\u0161eho projektu a p\u0159ivede va\u0161e vize k \u017eivotu.<\/span><\/p>\n<p>[\/et_pb_text][\/et_pb_column][\/et_pb_row][\/et_pb_section]<\/p>\n","protected":false},"excerpt":{"rendered":"<p>V\u00edtejte na str\u00e1nk\u00e1ch na\u0161\u00ed spole\u010dnosti, kde se specializujeme na \u0161irok\u00e9 spektrum stavebn\u00edch \u010dinnost\u00ed. Od precizn\u00edho strojov\u00e9ho \u010di\u0161t\u011bn\u00ed po komplexn\u00ed projek\u010dn\u00ed slu\u017eby, jsme tu, abychom splnili va\u0161e po\u017eadavky. Na\u0161e zku\u0161enosti v oblasti demoli\u010dn\u00edch prac\u00ed zaji\u0161\u0165uj\u00ed bezpe\u010dn\u00e9 a efektivn\u00ed odstran\u011bn\u00ed star\u00fdch struktur. S n\u00e1mi z\u00edsk\u00e1te partnera, kter\u00fd se postar\u00e1 o ka\u017ed\u00fd detail va\u0161eho projektu a p\u0159ivede va\u0161e [&hellip;]<\/p>\n","protected":false},"author":1,"featured_media":0,"parent":0,"menu_order":0,"comment_status":"closed","ping_status":"open","template":"","meta":{"ngg_post_thumbnail":0,"_et_pb_use_builder":"on","_et_pb_old_content":"<div class=\"widget\"><h1>P\u0159\u00edb\u011bh spole\u010dnosti ARCHADIE s.r.o. za\u010d\u00edn\u00e1 v roce 2007.<\/h1><p>V l\u00e9t\u011b toho roku zav\u00edtala zakladatelka a jednatelka spole\u010dnosti Ing. arch.Kate\u0159ina \u010cechurov\u00e1 p\u0159i sv\u00fdch zahrani\u010dn\u00edch cest\u00e1ch do Turecka:<\/p><p><em><br \/><a href=\"http:\/\/www.archadie.cz\/wp-content\/uploads\/2016\/05\/k_763_1.jpg\"><img class=\" wp-image-299 alignright\" src=\"http:\/\/www.archadie.cz\/wp-content\/uploads\/2016\/05\/k_763_1-251x300.jpg\" alt=\"k_763_1\" width=\"191\" height=\"229\" \/><\/a>\" P\u016fvodn\u011b to bylo kv\u016fli \u00fapln\u011b jin\u00fdm obchod\u016fm. Co jsem ale \u0159e\u0161ila, bylo : Bude tam horko, budu muset hodn\u011b p\u00edt a kam asi budu chodit na z\u00e1chod? P\u0159edstavovala jsem si ty klasick\u00e9 tureck\u00e9 \u0161lapky. Velmi rychle jsem pochopila, \u017ee nejen\u017ee naj\u00edt \u010dist\u00fd z\u00e1chod zdarma nen\u00ed probl\u00e9m, ale nav\u00edc maj\u00ed na v\u0161ech m\u00eds\u00e1ch bidetovou trysku pro perfektn\u00ed hygienu kdekoli a kdykoli. Tento produkt <strong>WC+BIDET 2v1<\/strong> se mi zal\u00edbil natolik, \u017ee jsem se rozhodla zprost\u0159edkovat jeho pou\u017e\u00edv\u00e1n\u00ed lidem v \u010cech\u00e1ch a na Slovensku. Pak u\u017e to byla jen ot\u00e1zka akce. Prov\u011b\u0159it evropskou normu a kompatibilitu na na\u0161e prost\u0159ed\u00ed, naj\u00edt spolehliv\u00e9ho v\u00fdrobce s dlouholetou tradic\u00ed a \u0161irok\u00fdm portfoliem produkt\u016f, podepsat smlouvu o zastoupen\u00ed a za\u010d\u00edt \u0161\u00ed\u0159it informace o tomto jedine\u010dn\u00e9m vyn\u00e1lezu.\"<\/em><\/p><\/div><div class=\"clearfix\">\u00a0<\/div><div class=\"widget\"><h2>Creavit a \u017eivot v ARCHADII<\/h2><p><img class=\"ngg_displayed_gallery mceItem\" src=\"http:\/\/www.archadie.cz\/index.php\/nextgen-attach_to_post\/preview\/id--250\" alt=\"\" data-mce-placeholder=\"1\" \/><\/p><div class=\"photogallery photo118 clearfix\"><div class=\"bx-wrapper\"><div class=\"bx-window\"><div class=\"photogalleryInner clearfix\"><span class=\"image\">\u00a0 <\/span><\/div><div class=\"photogalleryInner clearfix\">\u00a0<\/div><\/div><\/div><div class=\"clearfix\">\u00a0<\/div><\/div><\/div><div class=\"widget\"><h2>ARCHADIE dnes...<\/h2><p>Po 9 letech na trhu slou\u017e\u00ed WC+Bidet 2v1 m\u00edsto \u00a0oby\u010dejn\u00e9ho z\u00e1chodu ji\u017e v mnoha desetitis\u00edc\u00edch dom\u00e1cnostech, firm\u00e1ch, ubytovac\u00edch za\u0159\u00edzen\u00ed, l\u00e1zn\u00ed apod.<\/p><p>Dod\u00e1v\u00e1me produkty do cel\u00e9 \u010cesk\u00e9, Slovensk\u00e9 Republiky a Ma\u010farska.<\/p><p>Zaznamen\u00e1v\u00e1me pozitivn\u00ed zp\u011btn\u00e9 vazby u\u017eivatel\u016f a reklamace m\u00e9n\u011b ne\u017e 1%.<\/p><p>Roz\u0161\u00ed\u0159ili jsme nab\u00eddku o cel\u00fd sortiment produkt\u016f zn. Creavit. Ka\u017ed\u00fd rok uv\u00e1d\u00edme na trh zaj\u00edmav\u00e9 novinky.<\/p><p>Neust\u00e1le pracujeme na zlep\u0161ov\u00e1n\u00ed nab\u00eddky \u2013 roz\u0161i\u0159ujeme o nov\u00e9 designy, zdokonalujeme technickou podporu a servis.<\/p><p>Sna\u017e\u00edme se inspirovat k vy\u0161\u0161\u00ed p\u00e9\u010di o hygienu a zdrav\u00ed.<\/p><p>M\u00e1te-li z\u00e1jem o koupi na\u0161ich produkt\u016f, p\u0159ijm\u011bte pozv\u00e1n\u00ed do <span style=\"text-decoration: underline;\"><a href=\"http:\/\/wcbidet.cz\/\" target=\"_blank\" rel=\"noopener\"><strong>eshopu<\/strong>.<\/a><\/span><\/p><p>V p\u0159\u00edpad\u011b jak\u00fdchkoli dotaz\u016f n\u00e1s\u00a0nev\u00e1hejte <span style=\"text-decoration: underline;\"><strong><a href=\"http:\/\/www.archadie.cz\/?page_id=20\" target=\"_blank\" rel=\"noopener\">kontaktovat<\/a><\/strong><\/span><\/p><\/div><div class=\"clearfix\">\u00a0<\/div><h2>\u00a0<\/h2><div class=\"widget\"><p><img src=\"http:\/\/files.archadie.webnode.cz\/200007207-e6903e8fd1\/creavit.jpg\" alt=\"\" width=\"259\" height=\"194\" \/>P\u0159\u00edb\u011bh \u00fasp\u011bchu zna\u010dky <strong>Creavit<\/strong> za\u010dal v Zonguldaku. V roce 1963, brat\u0159i \u00c7anakc\u0131larov\u00e9 zasadili semena t\u00e9to spole\u010dnosti s produkc\u00ed klasick\u00fdch n\u00e1\u0161lapn\u00fdch tureck\u00fdch z\u00e1chod\u016f a umyvadel. V kr\u00e1tk\u00e9 dob\u011b, s velk\u00fdm \u00fasil\u00edm, p\u0159esv\u011bd\u010den\u00edm a v\u00edrou, se stal\u00a0<strong>\u00c7anakc\u0131lar\u00a0Seramic<\/strong> jedn\u00edm z p\u0159edn\u00edch v\u00fdrobc\u016f Turecka prod\u00e1vaj\u00edc\u00ed sanit\u00e1rn\u00ed za\u0159\u00edzen\u00ed a keramick\u00e9 zdravotn\u00ed produkty.\u00a0V roce 1980 byla aktualizov\u00e1na v\u00fdroba v prvn\u00ed tov\u00e1rn\u011b, v roce 1991 byla kvalita v\u00fdrobk\u016f zv\u00fd\u0161ena s pecemi dovezen\u00fdmi z N\u011bmecka a Velk\u00e9 Brit\u00e1nie.\u00a0V roce 1999 se stal l\u00eddrem v odv\u011btv\u00ed importem nejv\u011bt\u0161\u00ed pece v zemi (111 m).\u00a0Dnes Creavit produkuje 10% z celkov\u00e9 tureck\u00e9 v\u00fdrobn\u00ed kapacity sanit\u00e1rn\u00ed za\u0159\u00edzen\u00ed a keramick\u00e9 zdravotn\u00edch za\u0159\u00edzen\u00ed.\u00a0Ka\u017ed\u00e1 des\u00e1t\u00e1 koupelna v Turecku je korunov\u00e1na designem Creavit.\u00a0S v\u00fdvozn\u00edm potenci\u00e1lem asi 40%, \u00c7anakc\u0131lar pokra\u010duje v p\u0159edstavov\u00e1n\u00ed Creavit koupelen v dal\u0161\u00edch cca 40 zem\u00edch. Dnes m\u00e1 tov\u00e1rna 600 zam\u011bstnanc\u016f, 400 kmenov\u00fdch a 5000 subdealer\u016f a \u0159ad\u00ed se na t\u0159et\u00ed m\u00edsto v produkci sanit\u00e1rn\u00edho za\u0159\u00edzen\u00ed v Turecku.\u00a0Certifikaci (ISO 9001 certifik\u00e1t syst\u00e9mu managementu jakosti, n\u011bmeck\u00e9 LGA Norm shod\u011b, Izrael Standards (SII) Compliance Certificate), bohatou histori\u00ed, 12tiletou z\u00e1rukou na sv\u00e9 v\u00fdrobky a d\u016frazem kladen\u00fdm na inovace je z\u0159ejm\u00e9, pro\u010d je \u00c7anakc\u0131lar na pop\u0159ed\u00ed Tureck\u00e9 produkce sanit\u00e1rn\u00edch a zdravotn\u00edch keramick\u00fdch za\u0159\u00edzen\u00ed.\u00a0S ocen\u011bn\u00edm \" Consumer 2009 Quality Award\", dokazuj\u00ed znovu, \u017ee jsou nejd\u016fv\u011bryhodn\u011bj\u0161\u00ed zna\u010dkou ve sv\u00e9m oboru.<\/p><h5>Historie v p\u0159ehledu:<\/h5><div>1963: V\u00fdroba a marketing \u00a0tureck\u00fdch toalet a umyvadel<\/div><div>1975: V\u00fdroba WC sed\u00e1tka s n\u00e1zvem \"Painted Stones\"<\/div><div>1979: Rozhodnut\u00ed p\u0159esunout v\u00fdrobu z \"Painted Stones\" na glazovan\u00e9 keramick\u00e9 v\u00fdrobky.<\/div><div>1980: Prvn\u00ed prefabrikovan\u00e9 v\u00fdroby (G\u00f6kcebey \/ Zonguldak)<\/div><div>1984: N\u00e1kup pozemku pro novou tov\u00e1rnu<\/div><div>1987: Um\u00edst\u011bn\u00ed a zalo\u017een\u00ed nov\u00e9 tov\u00e1rny<\/div><div>1989: Uveden\u00ed v\u00fdrobn\u00ed linky nov\u00e9 tov\u00e1rny<\/div><div>1991: Uveden\u00ed nov\u00e9ho \u00a0tunelu pece o d\u00e9lce 90m<\/div><div>1995: Import 70m3-Velikost Brisesco pece z Anglie<\/div><div>1997: Import 50m3-Velikost CDS su\u0161\u00e1rny Z Anglie<\/div><div>1998: Nav\u00fd\u0161en\u00ed uzav\u0159en\u00e9ho vnit\u0159n\u00ed provozu na 60.000 m2.<\/div><div>1999: Realizace nejv\u011bt\u0161\u00ed importovan\u00e9 pece Turecka (111 m d\u00e9lka)<\/div><div>2000: IObtaining ISO 9001 Syst\u00e9m \u0159\u00edzen\u00ed kvality<\/div><div>Z\u00edsk\u00e1n\u00ed osv\u011bd\u010den\u00ed o shod\u011b s n\u011bmeck\u00fdmi LGA norem<\/div><div>Z\u00edsk\u00e1n\u00ed osv\u011bd\u010den\u00ed o shod\u011b v Izraeli standard\u016f (SII)<\/div><div>Export potenci\u00e1l a\u017e 23 zem\u00ed<\/div><div>2003: Zv\u00fd\u0161en\u00ed v\u00fdrobn\u00ed kapacity pro v\u00fdvoz na 45%, s po\u010dtem exportovan\u00fdch zem\u00edch p\u0159evy\u0161uj\u00edc\u00ed 30<\/div><div>Koupelnov\u00fd n\u00e1bytek - Uveden\u00ed v\u00fdrobn\u00edch za\u0159\u00edzen\u00ed a zah\u00e1jen\u00ed marketingov\u00fdch aktivit<\/div><div>2004: Uveden\u00ed prvn\u00edho vysok\u00e9ho stroje tlakov\u00e9ho lit\u00ed (porvair).<\/div><div>2005: Polo\u017een\u00ed z\u00e1klad\u016f pro v\u00fdrobu koupelnov\u00e9ho n\u00e1bytku<\/div><div>V\u00fdvoz v\u00edce ne\u017e do 50 zem\u00ed<\/div><div>2006: Zah\u00e1jen\u00ed v\u00fdroby koupelnov\u00e9ho n\u00e1bytku v nov\u00e9 v\u00fdrobn\u011b v Devrek \/ caydegirmeni.<\/div><div>Zalo\u017een\u00ed\u00a0\"Mithat Gokcebey - Mehmet Canakc\u0131 Odborn\u00e1 st\u0159edn\u00ed \u0161kola\".<\/div><div>2007: Zalo\u017een\u00ed: \"Gokcebey Mithat - Mehmet Canakc\u0131 Odborn\u00e1 vysok\u00e1 \u0161kola\"<\/div><div>Zah\u00e1jen\u00ed v\u00fdroby kancel\u00e1\u0159skk\u00e9ho n\u00e1bytku<\/div><div>2009: Ocen\u011bna jako nejd\u016fv\u011bryhodn\u011bj\u0161\u00ed zna\u010dka a z\u00edskala \"Consumers\u00a02009 Quality Award\".<\/div><\/div><p><script>\/\/ <![CDATA[ (function(i,s,o,g,r,a,m){i['GoogleAnalyticsObject']=r;i[r]=i[r]||function(){ (i[r].q=i[r].q||[]).push(arguments)},i[r].l=1*new Date();a=s.createElement(o), m=s.getElementsByTagName(o)[0];a.async=1;a.src=g;m.parentNode.insertBefore(a,m) })(window,document,'script','https:\/\/www.google-analytics.com\/analytics.js','ga'); ga('create', 'UA-79356055-1', 'auto'); ga('send', 'pageview'); \/\/ ]]><\/script><\/p>","_et_gb_content_width":""},"_links":{"self":[{"href":"https:\/\/www.archadie.cz\/index.php?rest_route=\/wp\/v2\/pages\/14"}],"collection":[{"href":"https:\/\/www.archadie.cz\/index.php?rest_route=\/wp\/v2\/pages"}],"about":[{"href":"https:\/\/www.archadie.cz\/index.php?rest_route=\/wp\/v2\/types\/page"}],"author":[{"embeddable":true,"href":"https:\/\/www.archadie.cz\/index.php?rest_route=\/wp\/v2\/users\/1"}],"replies":[{"embeddable":true,"href":"https:\/\/www.archadie.cz\/index.php?rest_route=%2Fwp%2Fv2%2Fcomments&post=14"}],"version-history":[{"count":29,"href":"https:\/\/www.archadie.cz\/index.php?rest_route=\/wp\/v2\/pages\/14\/revisions"}],"predecessor-version":[{"id":720,"href":"https:\/\/www.archadie.cz\/index.php?rest_route=\/wp\/v2\/pages\/14\/revisions\/720"}],"wp:attachment":[{"href":"https:\/\/www.archadie.cz\/index.php?rest_route=%2Fwp%2Fv2%2Fmedia&parent=14"}],"curies":[{"name":"wp","href":"https:\/\/api.w.org\/{rel}","templated":true}]}}